mmon factor of 9 and j.
9
Let w(h) = -h**2 + 6*h + 3. Let l(a) = -3*a**2 + 11*a + 6. Let m(z) = -2*l(z) + 5*w(z). Let n be m(-9). What is the highest common divisor of n and 108?
12
Let p be (-83)/(-2) - 3/(-6). Let i = 95 - p. Suppose -a + 0*q = -3*q - i, -182 = -4*a + 2*q. What is the greatest common divisor of a and 22?
22
Let m be 5 + (6/(-2) - -2). Let u be m/(-6) - (-44)/3. What is the highest common factor of 154 and u?
14
Suppose 0 = -2*o + 6, 3*g + 74 - 326 = -3*o. What is the greatest common factor of 54 and g?
27
Suppose 3*c = b - 26, b + 4*c - 26 = -2*b. Calculate the greatest common factor of b and 14.
14
Let d = -61 - -73. Let n(k) = 2*k**3 - k**2. Let b be n(2). What is the greatest common factor of b and d?
12
Let n = -2 - -2. Suppose n = -2*a - 3*a + 20. Calculate the highest common factor of a and 44.
4
Let y(x) = 12*x - 4. Let d be y(3). Calculate the greatest common divisor of d and 8.
8
Let y be 15/5 - 426/(-1). Suppose 2*r = 3*b + 5*r - y, 0 = -b + 4*r + 128. What is the greatest common divisor of 14 and b?
14
Let q(c) = -c**2 - 4*c. Let s be q(-3). Let j be 1/3*31*3. Let i = -10 + j. Calculate the highest common divisor of i and s.
3
Let m = 17 - 13. Suppose 4 = m*w - 44. Calculate the highest common divisor of w and 12.
12
Suppose 10*s = 12*s - 20. Calculate the greatest common factor of s and 15.
5
Suppose 0 = -4*d + 2*d. Suppose 3*p - 6*p + 18 = d. What is the greatest common divisor of p and 12?
6
Let l be -1*1 + 3 + 130. Let k(a) = a + 4. Let w be k(8). What is the highest common divisor of w and l?
12
Let w = 4 - 7. Let a be 16 + w + 5 + -3. What is the greatest common divisor of a and 3?
3
Suppose 20 = 4*w - n, 2*w + 3*n + 3 = -1. Let x(u) = u + 4. Let d be x(-6). Let y(c) = -c - 1. Let h be y(d). Calculate the greatest common divisor of w and h.
1
Suppose n - 96 - 280 = -4*y, n = 5*y - 470. Suppose 2*u = 86 + y. Let m be ((-24)/(-18))/(4/u). Calculate the highest common factor of m and 20.
10
Let q(k) = -3*k**3 - k**2 - 3*k - 1. Suppose -m - 11 = 3*o, 2*o - 3*m - 19 = 4*o. Let a be q(o). What is the highest common divisor of a and 10?
5
Let n(a) = a**2 - 11*a + 36. Let r be n(7). What is the greatest common divisor of r and 88?
8
Suppose -u - 2 = -6. Suppose -u*d + 15 = -25. Calculate the highest common factor of d and 15.
5
Suppose -b + 1 = -3. Let a(q) = 2*q**3 - 3*q**2 + 6*q - 5. Let r be a(b). Calculate the highest common divisor of 9 and r.
9
Suppose -3 = -w - 6, c - w = 11. Let i(l) = -3*l + 4. Let r be i(3). Let t(u) = u**2 + 2*u + 5. Let v be t(r). What is the greatest common divisor of c and v?
4
Let r = -10 + 12. Suppose -3*z = z - 3*y - 256, 0 = z + r*y - 64. What is the greatest common factor of 16 and z?
16
Suppose n - 23 = r + 17, r = 3*n - 128. Let w be -5*(3 - 57/15). Calculate the highest common factor of n and w.
4
Let u = -1 + 7. Calculate the highest common divisor of u and 30.
6
Let c = 2 + 0. Calculate the greatest common factor of c and 3.
1
Let c(h) = -131*h. Let p be c(-1). Let l = p + -14. Let x be (13/(-4))/((-5)/20). What is the highest common factor of x and l?
13
Suppose 4*w = 5*t + 8, 0 = -4*w - 2*t - t - 24. Let r be 5*(36/(-15))/w. Suppose 5 = -5*s, 4*s - r - 7 = -z. Calculate the greatest common divisor of 15 and z.
15
Suppose -2*b + 18 - 2 = 0. Suppose 2*a = 7*a - 160. Calculate the greatest common factor of a and b.
8
Let w(t) = 3*t - 5. Let q be w(6). Let r be 2 - 92/(2/1). Let s = -18 - r. What is the greatest common factor of q and s?
13
Let x be 15 - (2 + -1*1). Let r(k) = 11*k**2 - 7*k - 22. Let o be r(-3). Calculate the greatest common factor of o and x.
14
Let o(t) = -t**3 + 2*t**2 - t + 54. Let r be o(0). What is the highest common divisor of 18 and r?
18
Suppose w = 4*m - 21, -2*m + 3*m = -2*w + 12. Let h be 176/6 + (-2)/(-3). Calculate the greatest common divisor of h and m.
6
Suppose 3*u + 2*h = 2 + 11, -u = h - 3. Let i = 35 - 14. What is the greatest common factor of u and i?
7
Suppose 0 = 4*k - 2*o - 270, -k + 14 + 40 = -5*o. What is the highest common factor of k and 46?
23
Suppose -2*m + 102 = -m. Let p = -25 + m. What is the greatest common factor of 7 and p?
7
Let w = 111 - 56. Calculate the highest common divisor of w and 22.
11
Suppose 582 + 23 = 5*f. What is the greatest common divisor of f and 11?
11
Let i = 101 + -3. Calculate the greatest common factor of 14 and i.
14
Let d(m) = -1 - 4*m + 2*m + 5*m. Let c be d(3). Suppose 3*w = 3*l - 12, -3*l + 9 + c = 2*w. What is the greatest common factor of 7 and w?
1
Suppose -2 = l - 7. Suppose -3*k - 2*u = -5*k + 6, -4*u = 5*k + 3. What is the greatest common factor of l and k?
1
Let h(i) = 4*i + 12. Let u be h(3). What is the greatest common factor of 6 and u?
6
Let i = -31 - -40. What is the greatest common divisor of 18 and i?
9
Let o = 76 + -51. Calculate the highest common factor of o and 100.
25
Suppose q + h = 100, -3*q + 54 = -4*h - 218. Let d be (3/(-6))/(2/(-36)). Let l = d + 3. What is the greatest common divisor of l and q?
12
Suppose -342 = -2*w - 3*r, 0 = 2*w + r - 2*r - 334. Let s be (2 + -1)/(2/42). What is the highest common factor of w and s?
21
Let o be (-4)/18 + (-2326)/(-18). Let c be o/12 + 1/4. Calculate the greatest common factor of c and 66.
11
Let u(q) = -q**2 + 9*q - 5. Let z be u(9). Let w be z/((-5)/129) + 1. What is the greatest common divisor of w and 13?
13
Suppose l - 6*l = -5. Let z be ((-88)/6)/(l/(-3)). What is the highest common divisor of 11 and z?
11
Let h(b) = -21*b**2 - b + 1. Let k be h(1). Let i = 15 - k. Let r = 78 + -54. Calculate the highest common divisor of i and r.
12
Suppose c = 4 + 11. Let h be (2/3)/((-26)/117). Let q be ((-36)/7)/(h/70). What is the greatest common factor of c and q?
15
Let c(l) = l**2 - l + 6. Let i be c(0). Let a be (-5 - (1 + 1))*5. Let p = a - -39. Calculate the greatest common divisor of i and p.
2
Let k be (161/(-14))/(2/(-28)). What is the greatest common factor of k and 23?
23
Suppose 0 = -2*k - k + 3*g - 15, 4*g - 2 = -2*k. Let y = k + -2. Let n = 6 + y. Calculate the highest common factor of n and 7.
1
Let m(f) = 3*f**2 - 3. Let d be m(3). Let g be (-574)/(-8) + (-2)/(-8). What is the greatest common divisor of d and g?
24
Let t(o) = -10 - 4*o + 28*o + 3. Let f be t(3). Let i(a) = -8*a - 3. Let q be i(-2). Calculate the greatest common divisor of f and q.
13
Let k(q) = q**2 - 3*q - 1. Let c be k(4). Suppose -11 = -2*r - c*a + 14, -20 = -2*r + 2*a. What is the highest common divisor of 77 and r?
11
Let r(z) = -z**2 - 8*z - 8. Let f be r(-6). Suppose 4*g = -2*m + 42, 17 = -f*g + 3*m + 64. Let u = -26 - -37. Calculate the greatest common factor of g and u.
11
Let w be (-387)/(-45) - (-2)/5. Let c be 24/(-10)*(-60)/w. Calculate the highest common divisor of c and 4.
4
Let y = -9 + 3. Let s be 4/(-6) + (-46)/y. Let o = -148 + 225. Calculate the highest common factor of s and o.
7
Let k be 3 - (3/3 + 1). Calculate the greatest common divisor of 8 and k.
1
Let s(f) = -f**2 + 4*f - 3. Let u be s(3). Suppose u*n - 5*n + 450 = 0. What is the greatest common divisor of n and 10?
10
Let o(v) = 82*v - 1. Let x be o(1). Suppose z = 4*z - x. Let g be z/2 - (-1)/(-2). What is the highest common factor of 26 and g?
13
Let b be (-1)/(-2) - (-3)/2. Let u(k) = -3*k + 3. Let c be u(2). Let d be 57/9 + 1/c. Calculate the highest common divisor of d and b.
2
Let x be 4 + -7 + 0/1. Let a be (-3 + -1)*x/2. Suppose 4*h = -0*h + 72. Calculate the highest common divisor of h and a.
6
Let x(f) = -f - 8. Let o be x(-12). What is the greatest common divisor of 12 and o?
4
Let g be -3*1 + (-32)/(-8). Calculate the greatest common factor of g and 4.
1
Let v(l) = l**3 - 26*l - 3. Let f be v(6). What is the highest common divisor of 285 and f?
57
Let b be 2/(-3) + 16/6. Let o be (-194)/(-6) - b/(-3). Suppose -18*v + 22*v - 82 = -3*g, 0 = g - v - 18. Calculate the highest common factor of g and o.
11
Suppose 0 = -17*x + 14*x + 21. What is the highest common factor of 49 and x?
7
Suppose -3*l = 4 - 25. Suppose 0 = -2*g + 5*d + l + 93, -4*d - 104 = -2*g. Calculate the highest common divisor of 12 and g.
12
Let f(u) = u**2 - 17*u + 36. Let r be f(17). Calculate the highest common divisor of 90 and r.
18
Let r be ((-126)/(-24))/(3/8). Suppose u = y - r, -y + 3*u = u - 1